**5/60 - j**4/12 + 2*j**3/3 - 2*j**2 + 39. Let d(s) = 5*f(s) - m(s). Calculate d(-6).
-10
Let l(k) = 9*k. Let z = 43 + -41. Suppose -z*r + x + 9 = 0, -4*x + 0 = 3*r + 3. Let g be ((-1)/r)/((-3)/9). Calculate l(g).
9
Suppose -2*c - 4 = -3*c, z + 9 = 4*c. Suppose 4*h - 33 = -z*h. Let j(q) = -3*q - h*q**3 - 7*q**2 + 5 - 8 + 2*q**3 - 2*q. Give j(-6).
-9
Suppose -6*h = -2*h + 28. Suppose -23883 = -14*g + 24781. Let b(f) = -g - 3*f + 0*f + 3469. Give b(h).
14
Let b(m) = -m - 2. Suppose 15*n = 13971 - 2361. Let j = 777 - n. Calculate b(j).
-5
Suppose 92*n - 63 = 99*n. Let o(f) = f**2 + 5*f - 30. Let q be o(n). Let g(c) = c**3 - 5*c**2 - 6*c + 8. Determine g(q).
8
Let q(i) = 25*i**2 + 19*i + 22*i**2 + 88 - i - 112 - 49*i**2. What is q(3)?
12
Let n(i) = 12*i + 4. Let a be n(-3). Let d = a + 41. Let k(z) = -8*z**3 - z**2 + 1 - 8*z**3 + d*z**3 - 8*z**3. What is k(-1)?
15
Suppose -5*i + r - 49 = 0, 0 = -4*i - 3*r + 21 - 83. Let x(z) = -z**3 - 12*z**2 - 16*z + 3. What is x(i)?
58
Let x(b) be the first derivative of -b**3/3 + 7*b**2/2 + 5*b - 2. Let r be (-9)/6 + ((-360)/(-45) - 3/6). What is x(r)?
11
Let i(q) be the third derivative of q**5/60 - q**4/2 + 2*q**3/3 + 1869*q**2. Calculate i(15).
49
Let g(u) = -351*u + u**3 + 0*u**3 - 20 + 350*u + 0 + 10*u**2. Suppose y - 4*y = 30. What is g(y)?
-10
Let z(p) be the third derivative of -5/24*p**4 + 17*p**2 + 1/60*p**5 + 0 - 5/6*p**3 + 0*p. Give z(5).
-5
Let t(m) = -m + 7. Suppose 0 = -a + 12*a - 66. Suppose -42*u - a = -132. Determine t(u).
4
Let y be (56/2)/(16/24). Suppose 2*m + y = -x + 3*x, x - 3*m = 29. Let k(i) = -18 - i**2 + 0*i**2 + x - 7*i. Give k(-5).
9
Let v(l) = 4*l - 11. Let t(q) = 3*q - 7. Let b(r) = 5*t(r) - 4*v(r). Let j(x) = x - 11. Let u(o) = 4*b(o) + 3*j(o). Calculate u(-4).
7
Let f(i) be the second derivative of 29*i**3/3 - 2*i - 2257. Determine f(0).
0
Let w(t) = 5*t**2 + t. Suppose 4*z = 18 + 2. Let q(v) = -v - 3 + z*v**2 + v**2 - 5*v**2 - 2*v. Let p be q(4). Determine w(p).
6
Let n be 28/(-126) - 2/(-18)*-358. Let v = n + 42. Let w(z) = -2*z + 3*z + 2 + v - 3. Give w(-5).
-4
Let u(j) = -j**3 - 8*j**2 - 5. Let s be u(-8). Suppose -5 = -w - z, -3*w + 5*z + 1 = 2. Let l(a) = 3 - 1 - 38*a**2 + 0 + 39*a**2 + w*a. Determine l(s).
12
Let t(f) = -f**3 - 5*f**2 - 2*f - 5. Let l be 4 + ((-3)/3 - -1). Let c be ((-8)/16)/(2/l). Let x be 4/(-1) - (c + 7)/6. Give t(x).
5
Let l = -161 - -156. Let d = -19 + 21. Let g(h) = h**d - 2 + 9 + 0*h**2 - h + 4*h. Give g(l).
17
Let l(n) = -n**3 - 18*n**2 + n + 21. Suppose 3*i + 6 = r, 0 = 19*r - 23*r - 2*i + 10. Suppose -r*t + 8*t + 3*k + 84 = 0, 2*k + 32 = -2*t. Give l(t).
3
Let h(d) be the first derivative of d**2/2 + 5*d + 5077. Calculate h(13).
18
Let v(c) be the first derivative of -c**3/3 + 8*c**2 - 43*c + 6104. What is v(14)?
-15
Let g(j) = 0 + 8*j**2 + 1 - 2 - 8*j**3 + 7*j**3 - 7*j. Let t = -947 - -954. Give g(t).
-1
Let x(u) = -34*u**2 + 3810*u - 212. Let a be x(112). Let d(z) = z**3 - 12*z**2 + 7*z - 69. Give d(a).
15
Let g(q) = -48*q. Suppose 0 = -14*f - 7333 + 7347. Calculate g(f).
-48
Let c(x) be the second derivative of -x**4/6 - 20*x**3/3 - 39*x**2/2 + 10*x + 1. Let i be c(-19). Let s(g) = g**2 - g - 1. What is s(i)?
1
Let q(t) = t**3 + 5*t**2 - 5*t. Suppose 4*m - 300 = -d, -4*m + 224 = -m + d. Let s = m - 82. What is q(s)?
-6
Let h(u) = -47*u - 9*u**2 + 18*u**2 + u**3 - 5*u**2 - 59 + 68. Determine h(5).
-1
Suppose c = -2*c. Let m(w) be the first derivative of w**3/3 - 17*w + 5740. Determine m(c).
-17
Let z(h) = 9*h**2 - 7*h**2 - 9 + 5*h**2 - 6*h**2 + 0*h**2 + 3*h. Give z(-5).
1
Let z = -1816 - -1831. Let k(b) = b**3 - 14*b**2 - 16*b + 8. Calculate k(z).
-7
Let g be (9/(-30))/((-17)/170). Let l(f) = g*f**2 - 8*f**2 + 6*f**2 - f**3 + 15. Give l(0).
15
Let m be -1 - 1*-3 - 1956/(-489). Let f(b) = -2*b + 23. Calculate f(m).
11
Let s(n) be the third derivative of 0*n + 1/120*n**5 + 0 + 0*n**4 - 15*n**2 + 5/6*n**3. Let u(x) be the first derivative of s(x). Calculate u(-5).
-5
Let s(k) be the first derivative of -k**3 + 5*k**2 + 26*k + 1752. Determine s(-2).
-6
Let t(i) = 132*i + 222. Let x(h) = 75*h + 109. Let r(m) = 3*t(m) - 5*x(m). Give r(-6).
-5
Let p(s) = -25*s**2 - 13*s + 6. Let z(k) = 19*k**2 + 12*k - 4. Let q(h) = 3*p(h) + 4*z(h). Suppose -5 = -f, -3*b - 3*f + 60 = -8*b. Calculate q(b).
2
Let m(y) = 11*y - 9. Let w(s) = 10*s**2 + 4*s. Let k be w(-4). Let r(l) = 5 + 138*l - k*l + 0. Let f(n) = 4*m(n) + 7*r(n). Give f(4).
7
Suppose 5*i - 4*y + 3*y - 32 = 0, -5*y + 15 = 0. Suppose 9*b - 6 = i*b. Let d(c) = -b*c - c**2 + 0*c + 1 - c + 3*c. Calculate d(1).
-1
Let g be (-2)/(-4) + -1 + 5/2. Suppose -j + g = -5*o - 24, -15 = 5*j + 4*o. Let y(x) = 3*x**2 + 5*x**2 + x - 2*x**2. Give y(j).
7
Let k(x) = -x**3 - 4*x**2 - 5*x - 4. Suppose 707 + 293 = 10*s. Let a be s*-1 + (-5 - -3). Let f be -6 + (-624)/a - (-106)/(-34). Determine k(f).
2
Let l(p) = -p**2 - 2*p + 2. Let t(n) = -26*n - 208. Let s be t(6). Let v = -363 - s. What is l(v)?
-1
Let y(d) = d**2 + 13*d - 4. Let l(n) = 46*n + 375. Let c be l(-14). Let w = 256 + c. Calculate y(w).
-4
Suppose 0 = -j - 17 + 15. Let i be 1/j*-2 + -6. Let q = i - 6. Let g(x) = -x**3 - 10*x**2 + 11*x - 4. Give g(q).
-4
Let k(n) be the second derivative of 7/4*n**4 + 1/30*n**5 + 0*n**2 + 0 + 1/720*n**6 + 38*n + 0*n**3. Let r(v) be the third derivative of k(v). Calculate r(3).
7
Suppose -3*o + 84 = 3*n, 2*n - 61 = 26*o - 27*o. Let z(j) = 119*j - j**2 - n*j - 39*j + 1 - 39*j. Calculate z(7).
8
Let b be (-1 - (-858)/(-14))/((-6)/21). Let k(q) = -b*q**2 + 5*q**3 + q + 0*q + 217*q**2. Calculate k(1).
5
Let r(i) = 4*i - 3. Let h(f) = 11*f - 10. Let q be (-18)/(-15)*(-3)/18*-10. Let o(z) = q*h(z) - 7*r(z). Determine o(-1).
7
Let b(l) = 5*l + 36. Let n = 170 - 178. Let x be b(n). Let k(u) = u + 5. What is k(x)?
1
Let c(r) = -r + 11. Suppose -169 + 53 = 4*g. Let q be 1 + (0/2 - (g - -10)). Suppose 60 = 5*k + q. Give c(k).
3
Let l(t) be the third derivative of -1/20*t**5 - t**2 + 0*t + 0 + 5/6*t**3 - 5/24*t**4 + 1/120*t**6. Let m be l(4). Let d(z) = z**3 - z**2 + 2*z - 1. Give d(m).
1
Let r(p) = 7*p**3 - 1. Suppose 0 = q - 5*q - 4. Let x(j) = 3*j**2 + 3*j + 3. Let b be x(q). Suppose -5*d - b*v + 8 = 0, d + d + 3*v - 5 = 0. Calculate r(d).
6
Let o(x) be the second derivative of 5*x**3/6 + 12*x**2 - 967*x. Calculate o(8).
64
Let o(g) = -g**3 + 3*g**2 + g. Let s be o(2). Let z be s/6*((-2)/(-2) + 1). Let i be z/(-2 - 24/(-10) - 0). Let k(u) = -u - 2. Give k(i).
-7
Let l(p) = p**3 - 2*p + 18. Let h(v) = -5*v**3 + 11*v - 98. Let o(x) = -2*h(x) - 11*l(x). What is o(2)?
-10
Let k(q) = -q + 4. Suppose -5*z + 10*l - 5*l = -10, 4*l = -2*z + 22. Let d be z/(-1) - (30/(-5))/(-6). Give k(d).
10
Let w be 11/(-11)*(-144 + (3 - 5)). Let t(c) = 79*c**3 - w*c**3 + 72*c**3 + c**2. What is t(1)?
6
Let s be 4/8*40/(-2). Let j(z) be the third derivative of 0 + 0*z - 1/60*z**5 - 5/12*z**4 - 3/2*z**3 + 126*z**2. Give j(s).
-9
Let r(t) be the third derivative of -1/3*t**3 + 0 + 0*t - 1/24*t**4 - t**2. Let i be (181815/414)/85 + 1/(-6). Determine r(i).
-7
Let c(x) = 25*x**3 - 6*x**2 + 9*x + 190. Let h(y) = -21*y**3 + 4*y**2 - 13*y - 191. Let o(g) = -5*c(g) - 6*h(g). Determine o(-6).
-2
Suppose 24 = -2*y + 6*y. Let c(q) = -23*q**2 - y*q + 5*q + 28 - 29. Give c(-1).
-23
Let i(q) = 5*q**2 + 310*q - 1. Let y be i(-62). Let x(p) = -2*p + 1 - 26*p + 0 + 7*p. Give x(y).
22
Let j(i) = 3 - 4*i + i**3 - 7*i - 8*i**2 - 1. Suppose -37794*x + 37758*x + 324 = 0. Calculate j(x).
-16
Let o(z) = -z + 6. Suppose 8*s - 32 - 160 = 0. Suppose a - s = -15. Suppose -16 + a = -i. Determine o(i).
-1
Let n(g) be the second derivative of g**3/6 + 2*g**2 + 10*g. Suppose -z + 12 = -1. Suppose 0 = -z*q + 11*q - 16. Determine n(q).
-4
Let h(q) = 2*q + 14. Suppose -v = -119 + 107. Suppose 12*c - 14*c - v = 0. What is h(c)?
2
Let o(k) = k**2 + k - 84. Suppose 11*n = -6*n + 153. Let d be o(n). Let s(y) = 2*y**2 - 13*y. Give s(d).
-6
Let h = -70 - -66. Let u = -19 - -10. Let q(z) = -2*z + 2. Let r(i) = -5*i + 3. Let t(s) = u*q(s) + 4*r(s). What is t(h)?
2
Suppose 6*t + 4*f = 5*t + 103, -5*t - 4*f + 531 = 0. Let j = t - 100. Let m(p) = 44 - 91 + 39 + p**2 - j*p. What is m(6)?
-14
Let m(v) be the second derivative of -v**5/20 - 17*v**4/12 - v**3/3 - 17*v**2 + 9108*v. Give m(-17).
0
Let m(d) =